pose -5*i + 182 + 53 = t. Suppose 0 - i = -g. What is the tens digit of g?
4
Suppose -2*v - 188 = 4*c - 5932, 4*c = 2*v + 5736. What is the tens digit of c?
3
Let h = -1823 - -2964. What is the units digit of h?
1
Let i(y) = 28*y**2 + y - 25 - 11*y**2 - 15*y - 15*y**2. What is the units digit of i(11)?
3
Suppose 0 = -3*b - 0*b - 15. Let g be (-25)/b*28/10. Suppose -6*l + g = -4*l. What is the units digit of l?
7
Suppose -8 = -d - 0*d. Suppose -9 = 4*s + 5*t - 2*t, -s + 4 = 2*t. What is the units digit of (-3)/(s/d)*2?
8
Let i = 8 + -7. Suppose 15 - i = 2*z. Suppose z*c - 4*c = 15. What is the units digit of c?
5
Suppose 5*b = -4*g + 7480, -1870 = 6*g - 7*g - b. What is the units digit of g?
0
Suppose 4*d + 3 = 19. Suppose d*g + 6 = 4*x + 18, -3*x + 2*g = 10. What is the units digit of (-2)/(-3*x/(-18))?
3
Let d(b) = -87*b**3 - 8*b**2 + b - 5. Let q(f) = 175*f**3 + 17*f**2 - 2*f + 11. Let c(o) = -13*d(o) - 6*q(o). What is the units digit of c(1)?
1
Suppose 0 = 2*n + 10*c - 13*c - 1007, 0 = 5*n + 2*c - 2508. What is the tens digit of n?
0
Suppose -6 = 3*u - z, 0*u = 3*u + 3*z + 18. Let i = u + 42. What is the units digit of i?
9
Let c be (70/28)/((-2)/(-4)). Suppose c*f + q - 141 = 0, 3*f + f - 5*q = 107. What is the tens digit of f?
2
Let b be 3/(-1 + 0) + 762. What is the tens digit of 1/(-4) - b/(-12)?
6
Let z be (18/(-24))/(3/24). Let n = -12 - z. What is the tens digit of (-4)/(-12) + (-256)/n?
4
Suppose -5*k - 5*h + 20420 = 0, -11*k + 14*k + 4*h = 12250. What is the units digit of k?
6
Let k(n) = 134*n**2 - 2*n + 2. Let p(a) = -2*a**2 + 24*a + 27. Let s be p(13). What is the tens digit of k(s)?
3
Let r be 4 - (-205)/((-5)/(-1)). Let h = r - 22. What is the units digit of h?
3
Suppose -28*a = 212 - 1920. What is the tens digit of a?
6
Let n(l) = -5*l - 27. Let w be n(-6). Suppose w*b + 49 = p, 6*b = -3*p + b + 77. What is the units digit of p?
4
Let m = -42 + 39. Let v(k) = 9*k**2 + 4*k - 1. What is the units digit of v(m)?
8
Let y(z) = z**3 + 3. Let p be y(0). Suppose p*h - 2*h = 4*c - 35, 0 = -3*h - 9. Let g = c + -7. What is the units digit of g?
1
Suppose -3*i + 248 = -5*s + 3*s, -4*s = i + 510. Let j = 283 + s. What is the hundreds digit of j?
1
Suppose 0 = m - 1 - 9. Let g(j) = -j**3 + 11*j**2 - 10*j + 24. What is the units digit of g(m)?
4
Let u(t) = -47*t - 1. Let v(r) = -141*r - 6. Let g(q) = 564*q + 25. Let c(y) = -2*g(y) - 9*v(y). Let n(a) = -2*c(a) - 7*u(a). What is the units digit of n(1)?
6
Let l(s) = -s**2 + 33*s + 13. Let c be l(29). Suppose x - 3*r = 18, -5*r - 14 = 3*x + 2. Suppose -c = -6*u + x*u. What is the units digit of u?
3
Suppose 0 = -4*t - 0 - 4, -51 = -y + 4*t. Let d = 112 - y. What is the units digit of d?
5
Let k be (59/4)/(1/16). Suppose -o + k = 3*o. What is the tens digit of o?
5
Let f(c) = c + 53. What is the units digit of f(-30)?
3
Let s = -27 - -25. What is the tens digit of s/((-6)/(-3)) + 23?
2
What is the tens digit of (-72)/10*(-28440)/108?
9
Let k(w) = -30*w**3 - 2*w**2 + w. Suppose -2*c - 2 + 4 = 0. Let a be k(c). Let v = a - -66. What is the tens digit of v?
3
Let c(b) be the third derivative of -1/60*b**5 + 9*b**2 + 0 + b**3 - 3/4*b**4 + 0*b. What is the units digit of c(-18)?
6
What is the hundreds digit of (-41)/5*178*25/(-10)?
6
Suppose 0 = -3*l + l + 78. Let p = 57 - l. What is the units digit of p?
8
Let q(p) = -126*p. Let j be q(-1). Let n = j + -58. What is the units digit of n?
8
Suppose -o + 40 + 44 = 0. What is the units digit of 8/4 + o + 4?
0
Let x = 671 - 186. What is the units digit of x?
5
Suppose 4*c + c - 57 = -4*o, 4*o + 24 = 4*c. Let f be (-3 + c)*(-2)/4. Let d(k) = -3*k - 1. What is the units digit of d(f)?
8
Let n(r) be the second derivative of -3*r + 0 + 1/6*r**3 + 3*r**2. What is the units digit of n(4)?
0
What is the hundreds digit of 1384/6 - (-9)/27?
2
Let d(x) = 2*x**3 + 27*x**2 - 42 - 9*x**2 - x**3 + 0 - 3*x. What is the tens digit of d(-18)?
1
Let g be (0 + -1 - -1) + -2. Let z be (-1)/(g/(-8)) + -3. Let u(q) = -q**2 - 9*q - 10. What is the units digit of u(z)?
4
Suppose -c = 2*c - o - 1026, -1710 = -5*c + 3*o. What is the units digit of (c/(-36))/((2 + 0)/(-24))?
4
Suppose 0*p + 7*p = 945. Suppose 4*b - h - p = b, 3*b + 5*h - 117 = 0. What is the units digit of b?
4
Let s = 219 + -345. Let d = 359 + s. What is the hundreds digit of d?
2
Suppose 1536 = 5*v - 929. Suppose 7*q = 3*d + 3*q - 289, v = 5*d - q. What is the tens digit of d?
9
Let p = 26 - 24. Let o(x) = 23*x - 2. What is the tens digit of o(p)?
4
Let u(j) = -2*j**2 + 4*j - 12. Let h(o) = -2*o**2 + 5*o - 11. Let a(v) = -4*h(v) + 3*u(v). Let w = 41 + -35. What is the tens digit of a(w)?
3
Let h = -4 - -6. Suppose c + 3*c = 3*x - 130, 4*c + 16 = 0. Suppose 0*o = h*o - x. What is the tens digit of o?
1
Suppose 0 = 11*g - 4488 - 11506. What is the thousands digit of g?
1
Suppose 4*v = -4*y + y + 12, y = -5*v + 4. Suppose -5*q + 35 = 2*q. Suppose r + q = v, 0 = 2*g + 5*r - 38 - 63. What is the units digit of g?
3
Let u(d) = d**2 + 10*d - 9. Let h be u(-11). Let o(p) = 8 - p**2 - 4*p**h + 17*p**2 - p**3 - 4*p**2 + 12*p. What is the units digit of o(9)?
5
Let w = 284 + 453. What is the units digit of w?
7
Let a be -5 + 9/3 + (0 - -169). Suppose -3*l + a + 145 = 0. What is the hundreds digit of l?
1
Let w(u) = -u**3 + 13*u**2 - 6*u + 6. Let y = 18 + -10. What is the hundreds digit of w(y)?
2
Let i = 29 - 7. Suppose -4*d + i = -3*d. Let w = d + -10. What is the units digit of w?
2
Let o(c) = -3*c**2 - 7*c + 9. Let f(h) = -4*h**2 - 6*h + 10. Let q(k) = -2*f(k) + 3*o(k). Let l be q(-10). What is the units digit of -3 - 14*(1 + l)?
5
What is the tens digit of (-4)/18 + (0 - 15322/(-18))?
5
Suppose 2*o = 4*o - 4. Suppose -o*h = -7*h + 385. Suppose 3*v + 29 = h. What is the tens digit of v?
1
Let j = 493 + -447. What is the units digit of j?
6
Let t = -75 - -69. Let a = 23 - t. What is the tens digit of a?
2
Let w = -4 + 4. Suppose -3*y - 35 = 2*y + 5*i, w = -3*i - 15. What is the tens digit of 1/((-6)/33)*y?
1
Let k(m) = 41*m + 5. Let y be k(-7). What is the tens digit of (-1)/(-2*(-3)/y)?
4
Let d = -324 - -489. What is the hundreds digit of d?
1
Let k = 3081 - 1636. What is the units digit of k?
5
Suppose -2*v = -7*v + 600. Suppose -2*n = 3*l - 97, 0 = -4*l - 2*n - 3*n + v. Let t = -5 + l. What is the tens digit of t?
3
Let q be (26/(-39))/(2/87). Let b = 53 + q. What is the units digit of b?
4
Let b(l) = 80*l + 3. What is the tens digit of b(8)?
4
Let l(j) = 4*j**2 + 1 + 7*j - 16*j - 2*j**3 + 3*j**3. Let z be l(-7). Let m = z + 163. What is the tens digit of m?
8
What is the units digit of 5 + (-9 - -14) + (-1259)/(-1)?
9
Let q = 1223 - 834. Suppose q = 3*o - 397. Suppose 5*v + 190 = 2*t + t, 4*t - o = -2*v. What is the tens digit of t?
6
Let i(p) be the first derivative of -3*p**2/2 - 7*p - 1. Let m be i(-4). What is the units digit of m/(-2)*90/(-25)?
9
What is the units digit of (-5*(-7)/(-14))/(4/(-2504))?
5
Let y(c) = -2*c**3 + 11*c**2 - 4*c - 2. Let k be y(5). Suppose -a + 81 = v - k*a, -a + 81 = v. What is the units digit of v?
1
Suppose w + d = -2*d + 38, 0 = w + d - 46. What is the units digit of w/10 + 4 + 0?
9
What is the tens digit of 210*(4 + (-5)/10)?
3
Suppose 0 = -11*s + 3*s + 12176. What is the tens digit of s?
2
Let o = 40 + -19. Suppose o*i - 25*i + 36 = 0. What is the units digit of 24/108 + 331/i?
7
Suppose 5*t - 20*t = -60. Suppose 2*d - i + 84 = t*d, -2*i = -5*d + 210. What is the tens digit of d?
4
Let u be ((-49)/2 - -3)*-2. Suppose u*v - 42*v - 133 = 0. What is the hundreds digit of v?
1
Let b(d) = d**2 + 31*d + 35. Let q be b(-19). Let g = -127 - q. What is the units digit of g?
6
Let m = 19 + 288. Suppose -m = 4*v - 987. What is the hundreds digit of v?
1
Suppose -3*q = -2*m + 133, 2*m - 2*q - 125 = -7*q. Suppose m + 187 = 9*o. What is the units digit of o?
8
Let k = 252 + 444. What is the tens digit of k?
9
Let i be 54/(-45)*(-20)/6. Suppose -4*t - t = -3*h + 171, -3*h + 171 = -i*t. What is the tens digit of h?
5
Let t(q) = -3*q - 17. Let x(w) = 4*w + 18. Let d(c) = 3*t(c) + 2*x(c). Let y be d(-15). What is the tens digit of (y - 1)*111/(-3)?
3
Let v(x) = -20*x**3 - 2*x**2 - 4*x - 4. Let m(i) = -i**3 - 5*i**2 + 4*i - 14. Let c be m(-6). What is the units digit of v(c)?
6
Let c = 1538 -